{"id":2,"date":"2024-09-08T13:26:41","date_gmt":"2024-09-08T13:26:41","guid":{"rendered":"https:\/\/sofiasorrentino.com\/?page_id=2"},"modified":"2024-09-12T05:52:41","modified_gmt":"2024-09-12T05:52:41","slug":"sample-page","status":"publish","type":"page","link":"https:\/\/sofiasorrentino.com\/","title":{"rendered":"home"},"content":{"rendered":"<p>[et_pb_section fb_built=&#8221;1&#8243; fullwidth=&#8221;on&#8221; disabled_on=&#8221;on|off|off&#8221; _builder_version=&#8221;4.27.0&#8243; _module_preset=&#8221;default&#8221; global_colors_info=&#8221;{}&#8221;][et_pb_fullwidth_slider show_pagination=&#8221;off&#8221; use_text_overlay=&#8221;off&#8221; _builder_version=&#8221;4.27.0&#8243; _module_preset=&#8221;default&#8221; header_level=&#8221;h1&#8243; header_font=&#8221;Cormorant SC|||on|||||&#8221; body_font=&#8221;Cormorant Unicase|600|||||||&#8221; body_text_color=&#8221;#000000&#8243; body_font_size=&#8221;20px&#8221; max_height=&#8221;1000px&#8221; custom_padding=&#8221;||358px||false|false&#8221; custom_padding_tablet=&#8221;||358px||false|false&#8221; custom_padding_phone=&#8221;249px||249px||true|false&#8221; custom_padding_last_edited=&#8221;on|phone&#8221; animation_style=&#8221;flip&#8221; auto=&#8221;on&#8221; global_colors_info=&#8221;{}&#8221;][et_pb_slide _builder_version=&#8221;4.27.0&#8243; _module_preset=&#8221;default&#8221; background_enable_color=&#8221;off&#8221; background_image=&#8221;https:\/\/sofiasorrentino.com\/wp-content\/uploads\/2024\/09\/BRA10117-_1778.jpg&#8221; background_enable_image=&#8221;on&#8221; global_colors_info=&#8221;{}&#8221; sticky_transition=&#8221;on&#8221;][\/et_pb_slide][et_pb_slide image=&#8221;https:\/\/sofiasorrentino.com\/wp-content\/uploads\/2024\/09\/logo-sofiasorr-b.png&#8221; alignment=&#8221;bottom&#8221; _builder_version=&#8221;4.27.0&#8243; _module_preset=&#8221;default&#8221; background_enable_color=&#8221;off&#8221; background_image=&#8221;https:\/\/sofiasorrentino.com\/wp-content\/uploads\/2024\/09\/SAM_1915-1.jpg&#8221; background_enable_image=&#8221;on&#8221; child_filter_opacity=&#8221;31%&#8221; global_colors_info=&#8221;{}&#8221; sticky_transition=&#8221;on&#8221;][\/et_pb_slide][et_pb_slide image=&#8221;https:\/\/sofiasorrentino.com\/wp-content\/uploads\/2024\/09\/logo-sofiasorr-b.png&#8221; alignment=&#8221;bottom&#8221; _builder_version=&#8221;4.27.0&#8243; _module_preset=&#8221;default&#8221; background_enable_color=&#8221;off&#8221; background_image=&#8221;https:\/\/sofiasorrentino.com\/wp-content\/uploads\/2024\/09\/SAM_1938-1.jpg&#8221; background_enable_image=&#8221;on&#8221; custom_padding=&#8221;||8px||false|false&#8221; child_filter_opacity=&#8221;43%&#8221; global_colors_info=&#8221;{}&#8221; sticky_transition=&#8221;on&#8221;][\/et_pb_slide][et_pb_slide image=&#8221;https:\/\/sofiasorrentino.com\/wp-content\/uploads\/2024\/09\/logo-sofiasorr-b.png&#8221; alignment=&#8221;bottom&#8221; _builder_version=&#8221;4.27.0&#8243; _module_preset=&#8221;default&#8221; background_enable_color=&#8221;off&#8221; background_image=&#8221;https:\/\/sofiasorrentino.com\/wp-content\/uploads\/2024\/09\/SAM_1907-1.jpg&#8221; background_enable_image=&#8221;on&#8221; child_filter_opacity=&#8221;31%&#8221; global_colors_info=&#8221;{}&#8221; sticky_transition=&#8221;on&#8221;][\/et_pb_slide][et_pb_slide image=&#8221;https:\/\/sofiasorrentino.com\/wp-content\/uploads\/2024\/09\/logo-sofiasorr-b.png&#8221; _builder_version=&#8221;4.27.0&#8243; _module_preset=&#8221;default&#8221; background_enable_color=&#8221;off&#8221; background_image=&#8221;https:\/\/sofiasorrentino.com\/wp-content\/uploads\/2024\/09\/SAM_1899-1.jpg&#8221; background_enable_image=&#8221;on&#8221; child_filter_opacity=&#8221;17%&#8221; global_colors_info=&#8221;{}&#8221; sticky_transition=&#8221;on&#8221;][\/et_pb_slide][et_pb_slide _builder_version=&#8221;4.27.0&#8243; _module_preset=&#8221;default&#8221; background_enable_color=&#8221;off&#8221; background_image=&#8221;https:\/\/sofiasorrentino.com\/wp-content\/uploads\/2024\/09\/BRA10115-1647.jpg&#8221; background_enable_image=&#8221;on&#8221; global_colors_info=&#8221;{}&#8221; sticky_transition=&#8221;on&#8221;][\/et_pb_slide][et_pb_slide _builder_version=&#8221;4.27.0&#8243; _module_preset=&#8221;default&#8221; background_enable_color=&#8221;off&#8221; background_image=&#8221;https:\/\/sofiasorrentino.com\/wp-content\/uploads\/2024\/09\/SAM_1890-2-copia.jpg&#8221; background_enable_image=&#8221;on&#8221; global_colors_info=&#8221;{}&#8221; sticky_transition=&#8221;on&#8221;][\/et_pb_slide][\/et_pb_fullwidth_slider][\/et_pb_section][et_pb_section fb_built=&#8221;1&#8243; fullwidth=&#8221;on&#8221; disabled_on=&#8221;off|on|on&#8221; _builder_version=&#8221;4.27.0&#8243; _module_preset=&#8221;default&#8221; global_colors_info=&#8221;{}&#8221;][et_pb_fullwidth_slider show_pagination=&#8221;off&#8221; use_text_overlay=&#8221;off&#8221; _builder_version=&#8221;4.27.0&#8243; _module_preset=&#8221;default&#8221; header_level=&#8221;h1&#8243; header_font=&#8221;Cormorant SC|||on|||||&#8221; body_font=&#8221;Cormorant Unicase|600|||||||&#8221; body_text_color=&#8221;#000000&#8243; body_font_size=&#8221;20px&#8221; custom_padding=&#8221;||358px||false|false&#8221; custom_padding_tablet=&#8221;||358px||false|false&#8221; custom_padding_phone=&#8221;249px||249px||true|false&#8221; custom_padding_last_edited=&#8221;on|phone&#8221; animation_style=&#8221;flip&#8221; auto=&#8221;on&#8221; global_colors_info=&#8221;{}&#8221;][et_pb_slide _builder_version=&#8221;4.27.0&#8243; _module_preset=&#8221;default&#8221; background_enable_color=&#8221;off&#8221; background_image=&#8221;https:\/\/sofiasorrentino.com\/wp-content\/uploads\/2024\/09\/SAM_1904-1.jpg&#8221; background_enable_image=&#8221;on&#8221; global_colors_info=&#8221;{}&#8221; sticky_transition=&#8221;on&#8221;][\/et_pb_slide][et_pb_slide _builder_version=&#8221;4.27.0&#8243; _module_preset=&#8221;default&#8221; background_enable_color=&#8221;off&#8221; background_image=&#8221;https:\/\/sofiasorrentino.com\/wp-content\/uploads\/2024\/09\/SAM_1871.jpg&#8221; background_enable_image=&#8221;on&#8221; global_colors_info=&#8221;{}&#8221; sticky_transition=&#8221;on&#8221;][\/et_pb_slide][et_pb_slide _builder_version=&#8221;4.27.0&#8243; _module_preset=&#8221;default&#8221; background_enable_color=&#8221;off&#8221; background_image=&#8221;https:\/\/sofiasorrentino.com\/wp-content\/uploads\/2024\/09\/SAM_1902-1.jpg&#8221; background_enable_image=&#8221;on&#8221; global_colors_info=&#8221;{}&#8221; sticky_transition=&#8221;on&#8221;][\/et_pb_slide][et_pb_slide _builder_version=&#8221;4.27.0&#8243; _module_preset=&#8221;default&#8221; background_enable_color=&#8221;off&#8221; background_image=&#8221;https:\/\/sofiasorrentino.com\/wp-content\/uploads\/2024\/09\/SAM_1920-1.jpg&#8221; background_enable_image=&#8221;on&#8221; global_colors_info=&#8221;{}&#8221; sticky_transition=&#8221;on&#8221;][\/et_pb_slide][et_pb_slide _builder_version=&#8221;4.27.0&#8243; _module_preset=&#8221;default&#8221; background_enable_color=&#8221;off&#8221; background_image=&#8221;https:\/\/sofiasorrentino.com\/wp-content\/uploads\/2024\/09\/sofsor.jpeg&#8221; background_enable_image=&#8221;on&#8221; global_colors_info=&#8221;{}&#8221; sticky_transition=&#8221;on&#8221;][\/et_pb_slide][\/et_pb_fullwidth_slider][\/et_pb_section][et_pb_section fb_built=&#8221;1&#8243; _builder_version=&#8221;4.27.0&#8243; _module_preset=&#8221;default&#8221; hover_enabled=&#8221;0&#8243; global_colors_info=&#8221;{}&#8221; background_color=&#8221;rgba(183,67,18,0.11)&#8221; sticky_enabled=&#8221;0&#8243;][et_pb_row _builder_version=&#8221;4.27.0&#8243; _module_preset=&#8221;default&#8221; custom_margin=&#8221;26px||26px||true|false&#8221; hover_enabled=&#8221;0&#8243; global_colors_info=&#8221;{}&#8221; sticky_enabled=&#8221;0&#8243;][et_pb_column type=&#8221;4_4&#8243; _builder_version=&#8221;4.27.0&#8243; _module_preset=&#8221;default&#8221; global_colors_info=&#8221;{}&#8221;][et_pb_heading title=&#8221;Chi siamo&#8221; _builder_version=&#8221;4.27.0&#8243; _module_preset=&#8221;default&#8221; title_text_shadow_style=&#8221;preset1&#8243; global_colors_info=&#8221;{}&#8221;][\/et_pb_heading][et_pb_text _builder_version=&#8221;4.27.0&#8243; _module_preset=&#8221;default&#8221; custom_padding=&#8221;||6px|||&#8221; hover_enabled=&#8221;0&#8243; global_colors_info=&#8221;{}&#8221; text_orientation=&#8221;justified&#8221; sticky_enabled=&#8221;0&#8243;]<\/p>\n<p>Benvenuti in SOFIA SORRENTINO, dove l\u2019arte del gioiello prende vita attraverso creazioni uniche e raffinate; siamo un\u2019azienda specializzata nella produzione di bijoux di alta qualit\u00e0, che uniscono l\u2019eleganza del design italiano a materiali pregiati e tecniche artigianali d\u2019eccellenza.<br \/>Crediamo che ognibijoux firmato SOFIA SORRENTINO debba raccontare una storia, ogni nostro prodotto \u00e8 pensato per essere un omaggio alla bellezza e alla creativit\u00e0, non come semplice ornamento ma come simbolo di identit\u00e0 personale, per chi desidera raccontarsi con stile.<br \/>Siamo orgogliosi di essere un punto di riferimento nel settore dei bijoux da oltre quarant\u2019anni e di accompagnarvi nella scelta di quei dettagli che fanno la differenza.<br \/><strong>SOFIA SORRENTINO \u2013 Artigianalit\u00e0 e passione, creativit\u00e0 ed eleganza.<\/strong><\/p>\n<p>[\/et_pb_text][et_pb_heading title=&#8221;About us&#8221; _builder_version=&#8221;4.27.0&#8243; _module_preset=&#8221;default&#8221; title_text_shadow_style=&#8221;preset1&#8243; global_colors_info=&#8221;{}&#8221;][\/et_pb_heading][et_pb_text _builder_version=&#8221;4.27.0&#8243; _module_preset=&#8221;default&#8221; hover_enabled=&#8221;0&#8243; global_colors_info=&#8221;{}&#8221; text_orientation=&#8221;justified&#8221; sticky_enabled=&#8221;0&#8243;]<\/p>\n<p>Welcome to SOFIA SORRENTINO, where the art of jewelry comes to life through unique and refined creations.<br \/>We are a company specialized in producing high-quality bijoux, combining the elegance of Italian design with precious materials and excellent craftsmanship.<br \/>We believe that every piece of SOFIA SORRENTINO jewelry should tell a story; each of our products is designed to be a tribute to beauty and creativity, not merely as an ornament but as a symbol of personal identity for those who wish to express themselves with style.<br \/>We are proud to have been a reference point in the bijoux sector for over forty years and to accompany you in choosing those details that make the difference.<br \/><strong>SOFIA SORRENTINO<\/strong> \u2013 Craftsmanship and passion, creativity and elegance.<\/p>\n<p>[\/et_pb_text][\/et_pb_column][\/et_pb_row][\/et_pb_section][et_pb_section fb_built=&#8221;1&#8243; _builder_version=&#8221;4.27.0&#8243; _module_preset=&#8221;default&#8221; custom_padding=&#8221;53px||||false|false&#8221; global_colors_info=&#8221;{}&#8221;][et_pb_row column_structure=&#8221;1_3,2_3&#8243; _builder_version=&#8221;4.27.0&#8243; _module_preset=&#8221;default&#8221; global_colors_info=&#8221;{}&#8221;][et_pb_column type=&#8221;1_3&#8243; _builder_version=&#8221;4.27.0&#8243; _module_preset=&#8221;default&#8221; global_colors_info=&#8221;{}&#8221;][et_pb_heading title=&#8221;Contatti&#8221; _builder_version=&#8221;4.27.0&#8243; _module_preset=&#8221;default&#8221; title_font=&#8221;Cormorant SC||||||||&#8221; title_text_align=&#8221;center&#8221; title_font_size=&#8221;51px&#8221; title_text_shadow_style=&#8221;preset1&#8243; global_colors_info=&#8221;{}&#8221;][\/et_pb_heading][et_pb_text _builder_version=&#8221;4.27.0&#8243; _module_preset=&#8221;default&#8221; text_font_size=&#8221;19px&#8221; global_colors_info=&#8221;{}&#8221;]<\/p>\n<ul>\n<li>Sofia Sorrentino<\/li>\n<li>Via Pacinotti 15 &#8211; 48123 Ravenna<\/li>\n<li>TEL: 0544-450899<\/li>\n<li>Email: Info@sofiasorrentino.com<\/li>\n<\/ul>\n<p>[\/et_pb_text][\/et_pb_column][et_pb_column type=&#8221;2_3&#8243; _builder_version=&#8221;4.27.0&#8243; _module_preset=&#8221;default&#8221; global_colors_info=&#8221;{}&#8221;][et_pb_code _builder_version=&#8221;4.27.0&#8243; _module_preset=&#8221;default&#8221; global_colors_info=&#8221;{}&#8221;]<iframe src=\"https:\/\/www.google.com\/maps\/embed?pb=!1m18!1m12!1m3!1d2848.9048583941562!2d12.220715076586917!3d44.43511380150906!2m3!1f0!2f0!3f0!3m2!1i1024!2i768!4f13.1!3m3!1m2!1s0x477dfbea971cabdb%3A0x106ade8d8f97ab3e!2sVia%20Antonio%20Pacinotti%2C%2015%2C%2048123%20Ravenna%20RA!5e0!3m2!1sit!2sit!4v1726118867719!5m2!1sit!2sit\" width=\"100%\" height=\"450\" style=\"border:0;\" allowfullscreen=\"\" loading=\"lazy\" referrerpolicy=\"no-referrer-when-downgrade\"><\/iframe>[\/et_pb_code][\/et_pb_column][\/et_pb_row][\/et_pb_section]<\/p>\n","protected":false},"excerpt":{"rendered":"<p>Benvenuti in SOFIA SORRENTINO, dove l\u2019arte del gioiello prende vita attraverso creazioni uniche e raffinate; siamo un\u2019azienda specializzata nella produzione di bijoux di alta qualit\u00e0, che uniscono l\u2019eleganza del design italiano a materiali pregiati e tecniche artigianali d\u2019eccellenza.Crediamo che ognibijoux firmato SOFIA SORRENTINO debba raccontare una storia, ogni nostro prodotto \u00e8 pensato per essere un [&hellip;]<\/p>\n","protected":false},"author":1,"featured_media":0,"parent":0,"menu_order":0,"comment_status":"closed","ping_status":"open","template":"page-template-blank.php","meta":{"_et_pb_use_builder":"on","_et_pb_old_content":"","_et_gb_content_width":"","footnotes":""},"class_list":["post-2","page","type-page","status-publish","hentry"],"yoast_head":"<!-- This site is optimized with the Yoast SEO plugin v23.4 - https:\/\/yoast.com\/wordpress\/plugins\/seo\/ -->\n<title>home - Sofia Sorrentino Gioielli<\/title>\n<meta name=\"robots\" content=\"index, follow, max-snippet:-1, max-image-preview:large, max-video-preview:-1\" \/>\n<link rel=\"canonical\" href=\"https:\/\/sofiasorrentino.com\/\" \/>\n<meta property=\"og:locale\" content=\"it_IT\" \/>\n<meta property=\"og:type\" content=\"article\" \/>\n<meta property=\"og:title\" content=\"home - Sofia Sorrentino Gioielli\" \/>\n<meta property=\"og:description\" content=\"Benvenuti in SOFIA SORRENTINO, dove l\u2019arte del gioiello prende vita attraverso creazioni uniche e raffinate; siamo un\u2019azienda specializzata nella produzione di bijoux di alta qualit\u00e0, che uniscono l\u2019eleganza del design italiano a materiali pregiati e tecniche artigianali d\u2019eccellenza.Crediamo che ognibijoux firmato SOFIA SORRENTINO debba raccontare una storia, ogni nostro prodotto \u00e8 pensato per essere un [&hellip;]\" \/>\n<meta property=\"og:url\" content=\"https:\/\/sofiasorrentino.com\/\" \/>\n<meta property=\"og:site_name\" content=\"Sofia Sorrentino Gioielli\" \/>\n<meta property=\"article:modified_time\" content=\"2024-09-12T05:52:41+00:00\" \/>\n<meta name=\"twitter:card\" content=\"summary_large_image\" \/>\n<script type=\"application\/ld+json\" class=\"yoast-schema-graph\">{\"@context\":\"https:\/\/schema.org\",\"@graph\":[{\"@type\":\"WebPage\",\"@id\":\"https:\/\/sofiasorrentino.com\/\",\"url\":\"https:\/\/sofiasorrentino.com\/\",\"name\":\"home - Sofia Sorrentino Gioielli\",\"isPartOf\":{\"@id\":\"https:\/\/sofiasorrentino.com\/#website\"},\"datePublished\":\"2024-09-08T13:26:41+00:00\",\"dateModified\":\"2024-09-12T05:52:41+00:00\",\"breadcrumb\":{\"@id\":\"https:\/\/sofiasorrentino.com\/#breadcrumb\"},\"inLanguage\":\"it-IT\",\"potentialAction\":[{\"@type\":\"ReadAction\",\"target\":[\"https:\/\/sofiasorrentino.com\/\"]}]},{\"@type\":\"BreadcrumbList\",\"@id\":\"https:\/\/sofiasorrentino.com\/#breadcrumb\",\"itemListElement\":[{\"@type\":\"ListItem\",\"position\":1,\"name\":\"Home\",\"item\":\"https:\/\/sofiasorrentino.com\/\"},{\"@type\":\"ListItem\",\"position\":2,\"name\":\"home\"}]},{\"@type\":\"WebSite\",\"@id\":\"https:\/\/sofiasorrentino.com\/#website\",\"url\":\"https:\/\/sofiasorrentino.com\/\",\"name\":\"Sofia Sorrentino Gioielli\",\"description\":\"\",\"potentialAction\":[{\"@type\":\"SearchAction\",\"target\":{\"@type\":\"EntryPoint\",\"urlTemplate\":\"https:\/\/sofiasorrentino.com\/?s={search_term_string}\"},\"query-input\":{\"@type\":\"PropertyValueSpecification\",\"valueRequired\":true,\"valueName\":\"search_term_string\"}}],\"inLanguage\":\"it-IT\"}]}<\/script>\n<!-- \/ Yoast SEO plugin. -->","yoast_head_json":{"title":"home - Sofia Sorrentino Gioielli","robots":{"index":"index","follow":"follow","max-snippet":"max-snippet:-1","max-image-preview":"max-image-preview:large","max-video-preview":"max-video-preview:-1"},"canonical":"https:\/\/sofiasorrentino.com\/","og_locale":"it_IT","og_type":"article","og_title":"home - Sofia Sorrentino Gioielli","og_description":"Benvenuti in SOFIA SORRENTINO, dove l\u2019arte del gioiello prende vita attraverso creazioni uniche e raffinate; siamo un\u2019azienda specializzata nella produzione di bijoux di alta qualit\u00e0, che uniscono l\u2019eleganza del design italiano a materiali pregiati e tecniche artigianali d\u2019eccellenza.Crediamo che ognibijoux firmato SOFIA SORRENTINO debba raccontare una storia, ogni nostro prodotto \u00e8 pensato per essere un [&hellip;]","og_url":"https:\/\/sofiasorrentino.com\/","og_site_name":"Sofia Sorrentino Gioielli","article_modified_time":"2024-09-12T05:52:41+00:00","twitter_card":"summary_large_image","schema":{"@context":"https:\/\/schema.org","@graph":[{"@type":"WebPage","@id":"https:\/\/sofiasorrentino.com\/","url":"https:\/\/sofiasorrentino.com\/","name":"home - Sofia Sorrentino Gioielli","isPartOf":{"@id":"https:\/\/sofiasorrentino.com\/#website"},"datePublished":"2024-09-08T13:26:41+00:00","dateModified":"2024-09-12T05:52:41+00:00","breadcrumb":{"@id":"https:\/\/sofiasorrentino.com\/#breadcrumb"},"inLanguage":"it-IT","potentialAction":[{"@type":"ReadAction","target":["https:\/\/sofiasorrentino.com\/"]}]},{"@type":"BreadcrumbList","@id":"https:\/\/sofiasorrentino.com\/#breadcrumb","itemListElement":[{"@type":"ListItem","position":1,"name":"Home","item":"https:\/\/sofiasorrentino.com\/"},{"@type":"ListItem","position":2,"name":"home"}]},{"@type":"WebSite","@id":"https:\/\/sofiasorrentino.com\/#website","url":"https:\/\/sofiasorrentino.com\/","name":"Sofia Sorrentino Gioielli","description":"","potentialAction":[{"@type":"SearchAction","target":{"@type":"EntryPoint","urlTemplate":"https:\/\/sofiasorrentino.com\/?s={search_term_string}"},"query-input":{"@type":"PropertyValueSpecification","valueRequired":true,"valueName":"search_term_string"}}],"inLanguage":"it-IT"}]}},"_links":{"self":[{"href":"https:\/\/sofiasorrentino.com\/index.php\/wp-json\/wp\/v2\/pages\/2","targetHints":{"allow":["GET"]}}],"collection":[{"href":"https:\/\/sofiasorrentino.com\/index.php\/wp-json\/wp\/v2\/pages"}],"about":[{"href":"https:\/\/sofiasorrentino.com\/index.php\/wp-json\/wp\/v2\/types\/page"}],"author":[{"embeddable":true,"href":"https:\/\/sofiasorrentino.com\/index.php\/wp-json\/wp\/v2\/users\/1"}],"replies":[{"embeddable":true,"href":"https:\/\/sofiasorrentino.com\/index.php\/wp-json\/wp\/v2\/comments?post=2"}],"version-history":[{"count":20,"href":"https:\/\/sofiasorrentino.com\/index.php\/wp-json\/wp\/v2\/pages\/2\/revisions"}],"predecessor-version":[{"id":71,"href":"https:\/\/sofiasorrentino.com\/index.php\/wp-json\/wp\/v2\/pages\/2\/revisions\/71"}],"wp:attachment":[{"href":"https:\/\/sofiasorrentino.com\/index.php\/wp-json\/wp\/v2\/media?parent=2"}],"curies":[{"name":"wp","href":"https:\/\/api.w.org\/{rel}","templated":true}]}}